ors of j(45).
47, 101
Suppose -x + h = -4068 - 469, -h = 3*x - 13603. List the prime factors of x.
5, 907
Suppose -12*r + 4118 = -64630. List the prime factors of r.
17, 337
Suppose -146*h = -125*h - 17136. What are the prime factors of h?
2, 3, 17
Let g(z) = 8*z - 35. Let t be g(5). Suppose 0 = 5*f - t*x - 1090, f - 193 = 5*x - 9*x. Suppose -4*y = -f + 57. What are the prime factors of y?
3, 13
Suppose 124*u - 122*u + 1450 = 0. Let y = u - -1445. What are the prime factors of y/32*(-1 + 22/10)?
3
Let x(k) = -7*k**3 - 2*k**2 - 3*k - 1. Let i be x(-2). Suppose 5*g + 231 - 31 = 0. Let h = i + g. List the prime factors of h.
13
Let j be 1*-79*(-1 + 2). Let t be (j - 1) + 5 + -3. Let q = 106 + t. List the prime factors of q.
2, 7
Let i(t) = 82*t**3 - 9*t**2 + 26*t + 40. What are the prime factors of i(7)?
11, 43, 59
What are the prime factors of (-1404405)/101*(-28)/10?
2, 3, 7, 103
Let z(c) = c**3 - 18*c**2 + c - 78. Let i be z(17). Let q = i - -1286. List the prime factors of q.
2, 3, 13
Suppose 4*b - 43250 = -2*v, 44*b - 3*v = 39*b + 54090. List the prime factors of b.
3, 5, 7, 103
Suppose 0*y + 274 = 2*y. Let p = 398 - y. What are the prime factors of p?
3, 29
Suppose 0 = 5*l - 15 + 5. Let q(g) = -11*g - 66*g + l - 4 + 3*g. List the prime factors of q(-2).
2, 73
Let s = 4 - -72. Let g(l) = -62*l - 338. Let j be g(-5). Let i = j + s. What are the prime factors of i?
2, 3
Suppose 0 = -21*o + 20*o - 3, -3*t - o = -138. Suppose 0 = t*w + 9*w - 61040. What are the prime factors of w?
2, 5, 109
Let v = -16 + 6. Let b be (48/v)/(78/(-260)). Suppose b*z = 15*z + 42. What are the prime factors of z?
2, 3, 7
Suppose 7*z - 68 = 58. What are the prime factors of (-2 + 2/2)/(z/(-3474))?
193
Let y = 1866 - -11629. List the prime factors of y.
5, 2699
Let n(d) = -228*d - 269. List the prime factors of n(-24).
11, 43
What are the prime factors of (-303*2060/10)/((-5)/(-5) + -3)?
3, 101, 103
Suppose 3*j + 270 = 5*b - 2*j, 0 = -4*b - 4*j + 256. Let g = b - 114. Let a = -17 - g. What are the prime factors of a?
2, 19
Let n(a) = a**2 + 30*a + 381. Let u be n(-13). Suppose 0 = -q - 4*q + 100. Suppose r + g - u = q, -2*g = 4*r - 720. What are the prime factors of r?
2, 3, 5
Let h be 120 + ((-1)/(-3))/((-6)/18). Suppose -2*t = b - h, -b - 108 = -2*t + 17. List the prime factors of t.
61
Let l(s) be the first derivative of 19/2*s**2 + 0*s + 19. List the prime factors of l(2).
2, 19
Let d(x) be the second derivative of 13*x**4/4 + 28*x**3/3 + 156*x**2 + 138*x. What are the prime factors of d(-6)?
2, 3, 5, 23
Let l = -857 - -271. Let g = l + 1330. What are the prime factors of g?
2, 3, 31
Suppose 155*i - 280145 = 150*i - 5*h, -5*i + 280217 = -4*h. What are the prime factors of i?
3, 18679
Let v be ((-25)/(-15))/(3/9). Suppose 2*y - 14 = -k, -34 + 5 = -y + v*k. Suppose y*b + 103 = 10*b. List the prime factors of b.
103
Suppose 6*u + 16492 = 170254. List the prime factors of u.
7, 523
Let y = 427 + 4936. What are the prime factors of y?
31, 173
Suppose 24*n = 27*n - 3597. Suppose -j - 175 + 1377 = 3*z, 3*z - n = -4*j. What are the prime factors of z?
401
Suppose m = 3*o - 596, -4*o + 6*o = m + 597. List the prime factors of (16/6)/(-4) + m/(-3).
199
Let w(a) = a - 4. Let q be w(8). Suppose 0 = q*y + 5*x - 2085, y + x - 525 = -x. List the prime factors of y.
5, 103
Let l(y) = -4*y - 28. Let u be l(-6). List the prime factors of (u*65)/(6 + -2 - 5).
2, 5, 13
What are the prime factors of 7613*(-1 + 120/(-12) + 12)?
23, 331
Let a = -10 - -17. Let z(b) = 5*b**3 + 6*b**2 + 23*b. Let f(v) = 9*v**3 + 12*v**2 + 45*v - 1. Let g(p) = 6*f(p) - 11*z(p). What are the prime factors of g(a)?
2
Suppose 4*c - 29300 = -4*v, 55*c + 7327 = 56*c - v. List the prime factors of c.
2, 3, 11, 37
Suppose 0 = -70*b - 29*b + 26573 + 1831657. List the prime factors of b.
2, 5, 1877
Suppose 4*f + 4*l = 388, -4*f - 5*l + 2*l + 392 = 0. Let u = -115 + f. Let s(x) = x**3 + 15*x**2 + 5*x + 16. What are the prime factors of s(u)?
2, 71
Let q(w) = w**2 + 8*w + 14. Let j be q(-7). Let x(g) = 2*g - 12. Let y be x(j). Suppose 0 = h - 0 - y. List the prime factors of h.
2
Let o = -1656 - 274. Let w = o + 3611. List the prime factors of w.
41
Suppose -39*s + 38*s + 592300 = 19*s. List the prime factors of s.
5, 5923
Suppose 0*p + 15540 = -p + 4*p. List the prime factors of p.
2, 5, 7, 37
Suppose 55 = -12*k + 7. What are the prime factors of ((-134)/k)/(-5*7/(-350))?
5, 67
Suppose -5*m = -4*m - 275. What are the prime factors of m?
5, 11
Suppose -2*c + 14 = 0, 220*s - 221*s - 4*c + 8345 = 0. List the prime factors of s.
8317
Suppose n = -4*t - 2, -3*t - 3 = 6. Suppose -n*j + 3152 = -2528. What are the prime factors of j?
2, 71
Let o(p) = p**3 - 2*p**2 - 7*p + 4. Let c be o(6). Let s(j) = -76*j + 113. Let q be s(1). Let t = q + c. List the prime factors of t.
11, 13
Suppose -3282911 - 261425 = -178*j. List the prime factors of j.
2, 19, 131
Suppose 7*o - 18 = o. Suppose 5*p - o*c = -5*c + 455, 2*p = -c + 181. Suppose g - 7 = p. What are the prime factors of g?
2, 5
Suppose d + 8934 = 4*a - 14593, 0 = -a + 5*d + 5858. List the prime factors of a.
3, 37, 53
Let t = 200556 + -119240. List the prime factors of t.
2, 29, 701
List the prime factors of -18 + (12802 - (25 - 16)).
5, 7, 73
Let g(y) = -33*y + 1. Let x be (-2)/8 + (-21)/(-4). Suppose 4*q + 0*s = s - 8, -q + x*s = 21. List the prime factors of g(q).
2, 17
What are the prime factors of -5 + (20 - (-8114 - -11))?
2, 3, 11, 41
Suppose 2*h = z - 3830, -8*z + 5*z - 3*h + 11499 = 0. List the prime factors of z.
2, 479
Suppose 2*d + 2*i = -i + 154, 0 = -d - 3*i + 83. Suppose d = -4*n + 263. Let g = n - 43. What are the prime factors of g?
5
Let r be 21/(-63) + 4082/6. Suppose -2*l + 492 + r = 0. What are the prime factors of l?
2, 293
Let t(l) = 5*l**2 - 187*l - 1279. What are the prime factors of t(-61)?
59, 487
Let y(i) = -26*i**3 + 4*i**2 + 56*i - 2. List the prime factors of y(-7).
2, 5, 109
Let x(b) = -b + 23. Let d be x(19). Suppose 8*a = z + 6*a - 1342, d*a = z - 1350. What are the prime factors of z?
2, 23, 29
Suppose -2*j - 48120 = -4*s, 5*s + 234*j - 60144 = 235*j. List the prime factors of s.
2, 31, 97
Let p = 217 + -123. What are the prime factors of 2*(2 + p + -3)?
2, 3, 31
Suppose -11*w = -34323 - 54194. List the prime factors of 8/2*(-10 + w/52).
3, 193
Let l = 598 + -390. Let h be l/(0 + 2)*(87 + -86). Let u = h + -5. What are the prime factors of u?
3, 11
Let r = 235 + -125. List the prime factors of 44/r*(1 - -1614).
2, 17, 19
Let r = -529 + 529. Let l(c) = 139*c + 3. Let h be l(2). Suppose -2*p + 7 + h = r. What are the prime factors of p?
2, 3
Let w be 3/(-5*9/(-75)). Suppose -w*m - 19*m = -11304. What are the prime factors of m?
3, 157
Suppose -2*l = 4*m - 5*m, -3*l - 3*m = 0. Suppose -5*u - 2*b - 56 = l, 16 = -4*u + 2*u - 4*b. What are the prime factors of 128/u*(-1 + -8)?
2, 3
Suppose -42*m + 1537812 + 2567388 = 108*m. List the prime factors of m.
2, 11, 311
Let n(h) = 3*h**2 - 6*h + 2. Let w(x) = -420*x**2 - 15 + 422*x**2 + 2*x + 6*x. Let l be w(-6). What are the prime factors of n(l)?
191
What are the prime factors of ((8/(-6))/((-17)/(-8568)) - 0)*-5?
2, 3, 5, 7
List the prime factors of (1 + -1 + 866530/(-175))*10/(-4).
12379
Let j(a) = 2*a**2 - a. Let b be j(2). Suppose 3*w + 10 = b*w + 5*g, -2*w + 3*g + 13 = 0. Suppose w*l = 0, -3*r + l = -3*l - 198. List the prime factors of r.
2, 3, 11
Suppose -c + 333 = -5*t, 2*t - 362 = -3*c + 688. List the prime factors of (1 - 5/3) + 32944/c.
2, 47
Let t(w) = -w**3 + 6*w**2 - 9*w + 7. Suppose -3*o - 3 = -4*o. Let i be t(o). What are the prime factors of 371/i - (3 - 3)?
53
List the prime factors of 313665/4 + 0 + (-539)/(-196).
11, 7129
Let h be (-41)/(-2)*(9 + -11). Let w = h - -43. Suppose 0 = -6*x + w*x + 252. List the prime factors of x.
3, 7
Suppose -208*t + 62120 = -200*t. What are the prime factors of t?
5, 1553
What are the prime factors of (147104/26)/((-106)/(-689))?
2, 4597
Let l(h) = -2*h**2 - 31*h - 17. Let f be l(-15). Let p(a) = -43*a**3 - 6*a - 6. List the prime factors of p(f).
2, 5, 7
Let i = 13 + -13. Suppose 7*q - 15 - 13 = i. What are the prime factors of -2 - (-234)/(-1 + q)?
2, 19
List the prime factors of -1222*((-123)/42 + (-33)/(-77)).
5, 13, 47
Let s = -1037 - -1474